et r(j) = -2*j - 11. Let a = 815 - 819. What is r(a)?
-3
Let i(a) = -129 + 6*a + 130 - 36*a. Calculate i(-1).
31
Let x(i) = 182 - 82 - 3*i - 4*i**2 - 96 + 5*i + 7*i**2. Calculate x(4).
60
Let i(n) = 2*n - 39. Let p = 30435 - 30418. Give i(p).
-5
Let s(o) = 6*o**2 - 4*o + 4. Let x = 19689 + -19685. Give s(x).
84
Let l(x) = -2*x**3 - 17*x**2 - 34*x. Let a be l(-6). Suppose 16*v + 24 = a*v. Let j(k) = -2*k**2 + k + 5. Determine j(v).
-10
Let o(f) = 505*f - 227*f - 274*f - 63. What is o(8)?
-31
Suppose -174 - 106 = -25*p + 145. Let q(y) = -y + 58. Give q(p).
41
Let i(u) = 6*u. Let f be 4/(-16)*-24 + -9. Determine i(f).
-18
Suppose 2040 = -231*d + 401*d. Let r(m) = -m**2 + 14*m - 44. What is r(d)?
-20
Let l(g) be the third derivative of -g**8/840 + g**6/720 - 13*g**5/60 - g**4/12 - 79*g**2. Let c(m) be the third derivative of l(m). What is c(1)?
-23
Let a = 359 + -356. Let k(f) = 2*f**2 - 11*f**2 - 7 + 11*f - 15*f**3 + 32*f**a - 18*f**3 + 18. Give k(-10).
1
Let s(t) = 4*t - 3. Let q be 5*((-48)/(-20))/4. Suppose 2*v - q*v + 64 = 0. Let x = -60 + v. What is s(x)?
13
Let c be (6670/(-1450) - (-1 + (-12)/(-5))) + 10. Let i(j) = j + 1. Calculate i(c).
5
Let c = -92 + 108. Suppose -2*y = -2*m - 10, 4*m + 12 = 18*y - c*y. Let v(p) = p**2 + 1. Give v(m).
2
Let q be (13/(-5) - -2)/(200/(-3000)). Let z(s) = 5 - s + 0*s + 0*s. Let u be z(q). Let g(r) = r**3 + 3*r**2 - 5*r - 5. What is g(u)?
-1
Let s(b) = -3*b**3 - 54*b**2 - 2*b - 31. Let l be s(-18). Let j(p) = -2*p + 11. Determine j(l).
1
Let u be 164/(-123)*(0 + 33/2). Let v be (33/6)/(11/u). Let z(j) = j**2 + 11*j + 3. Calculate z(v).
3
Suppose -12*g - 28 = -4*i - 9*g, i = 2*g + 7. Let d(h) = -h + 28. Determine d(i).
21
Let c be 23/(92/24) - 4. Let u(h) = -8*h**3 + 3 + c*h**2 - 115*h + 7*h**3 + 118*h. Let r be 3/(1/2*-3). Determine u(r).
13
Suppose -2*p - 3*r = -42, 0 = -4*p - 1645*r + 1644*r + 74. Let q(b) = b**2 - 17*b - 1. Give q(p).
17
Let k(t) = -2 - 193*t**2 - t**3 + 445*t - 452*t + 186*t**2. Let s(q) = q**2 + 2*q + 1. Let o be s(-1). Suppose o = -3*c + 3 - 21. What is k(c)?
4
Let q(k) = 11*k + 7 - 30*k + 15*k. Suppose -5*x - 32 = -4*h, 0*h = -h + x + 7. Let w be -7*(-1 + (3 - h)). Calculate q(w).
-21
Let y(i) = 8*i**2 - 6. Let v(p) = -p**3 + 5*p**2 + 42*p - 182. Let w be v(4). Calculate y(w).
26
Let g(f) = f**3 - 10*f**2 - 8*f + 198. Let d be g(6). Let k(h) = -1 - 7*h**2 + 2 + 5*h - 2*h**3 + 3*h**3. Determine k(d).
-5
Suppose v = -3*g + 1 + 4, -8 = 2*v. Let y(t) = 930*t**3 - 9*t**2 + 2 + g*t**2 - t - 931*t**3 + 3. Calculate y(-4).
-23
Let o(j) = -j**3 - 6*j**2 - 4*j - 1. Let s(i) = -i**2 - 2*i + 1. Let q be s(-4). Let g = 3681 + -3680. Let v be (-6 - q) + (-5)/g. Calculate o(v).
-17
Let l be (1 + (-20)/24)/(2/6). Let f(o) be the first derivative of -1/3*o**3 + 6*o - l*o**2 + 12 - 1/4*o**4. Determine f(0).
6
Let a(k) = k**3 - 5*k**2 - 10*k + 8. Let b(n) = -2*n**2 - 29*n - 33. Let x be b(-13). Give a(x).
-16
Let a(o) = -6*o**2 + 1. Suppose 11*j - 120 = 6*j. Let z(l) = j - 22 + 0*l + 45 - 2*l. Let i be z(23). Determine a(i).
-5
Let x(n) = n**2 + 21*n + 18. Let v be x(-23). Let b = v - 63. Let s(w) = 7*w + 3 - 12 + b + 2. Calculate s(4).
22
Let w(t) = -13*t**2 - 1. Suppose 3*v - 12 = v. Let o be (-54)/81*v/4. Determine w(o).
-14
Let d(p) = 158 + 5 + 103 - 34 + 34*p + 50. Determine d(-8).
10
Let o(h) be the third derivative of -h**5/20 + h**3/2 + 1465*h**2. Determine o(-3).
-24
Suppose -3*j = 2*p - 35, -2*j + 14 = -p - 0. Let f(v) = 7*v**2 + j*v**2 - 4*v + 5 - 2 + 9*v**2 - 24*v**2. Give f(7).
24
Let m(q) be the third derivative of -q**5/6 - q**4/3 - 7*q**3/6 + 2*q**2 - 262. Determine m(-1).
-9
Let n(z) be the third derivative of -z**6/24 + z**5/30 - z**4/12 + z**3/6 - 2*z**2 - 8. Let y be n(1). Let a(c) = 0*c - c + 1 - 4. What is a(y)?
1
Let n(u) = u**2 + 3*u - 53. Let i = -23208 - -23214. Give n(i).
1
Let y(i) = i. Let v(a) = -3*a + 6. Let d be ((1 + -2)*-1)/(1 - 0). Suppose k - 4*m + 19 = 0, -2*m = -4*k - m - d. Let o(n) = k*v(n) + 4*y(n). What is o(5)?
11
Let b(t) be the first derivative of -1/24*t**4 + 9*t**2 + 17 + t**3 + 0*t. Let s(u) be the second derivative of b(u). What is s(0)?
6
Let h = -87 + 87. Suppose h = -7*s + 5*s + 4. Let d(z) = 3 + z**s + 8*z + 3*z - 4*z + 0*z. Give d(-5).
-7
Suppose 0 = -3*g + 3*m + 12 + 6, 3*m + 13 = -2*g. Let k(n) = 37*n**3 + 5 - 17*n + 23*n - 4 + 2*n**2 - 8*n. Give k(g).
38
Let w(v) = 18*v**2 - 11*v**2 + 14 + 5*v - 2*v**2 - 10*v**2 + 6*v**2. Determine w(-12).
98
Let x(k) be the third derivative of k**6/120 + k**5/10 + k**4/4 - 2*k**3/3 + 4*k**2 + 351*k. What is x(-3)?
5
Let o(b) be the third derivative of -b**5/60 + 11*b**4/24 - b**3/3 - 7*b**2. Suppose 0 = -7*f + 66 - 31. Calculate o(f).
28
Let n(p) be the first derivative of -p**4/4 + 5*p**3/3 + 3*p**2 + 2*p - 625. Let l(z) = z**2 + 10*z + 6. Let s be l(-9). Let b be (-45)/s*2/5. What is n(b)?
2
Let i(h) be the third derivative of -2*h**2 + 1/24*h**4 + 0*h + 0*h**5 + 6 - 1/120*h**6 - 1/6*h**3. Give i(2).
-7
Let m(h) be the second derivative of h**5/20 + h**4/3 + h**3/3 - 2*h**2 + 4162*h. What is m(-2)?
0
Suppose 0*o + 12 = -2*o + 2*v, -2*o - 12 = v. Let q(t) = 11*t**2 + 64*t - 4. Calculate q(o).
8
Suppose 4*p + 4*p - 40 = 0. Let q(u) = 4*u**2 - 4*u - 3. Let j be q(2). Let l(v) = 1 + j*v + v - p + v**2 + 8. Determine l(-8).
20
Let k(p) = -37716*p + 75457*p - p**2 - 37723*p + 279. Calculate k(28).
-1
Let k(x) = -x**3 - x**2 - 2. Let g(h) = -4*h**3 + 8*h**2 - 8*h - 17. Let z(d) = -g(d) + 3*k(d). Calculate z(10).
-9
Let j(m) be the first derivative of -m**6/360 + 7*m**5/120 - m**4/3 - 13*m**3 - m**2/2 + 72. Let n(r) be the third derivative of j(r). Determine n(7).
-8
Let z(x) be the second derivative of x**3/6 - 2*x. Let w be z(-1). Let i(m) be the first derivative of -m**2/2 - m + 75. Give i(w).
0
Let y(f) = -272 - 260 + 798 - 250 + 6*f. Calculate y(-6).
-20
Let u(b) be the third derivative of 7*b**4/24 + 145*b**3/6 + 39*b**2 - 1. What is u(-21)?
-2
Let k(c) = 4*c**2 - 340*c - 329. Let w be k(86). Let n(b) = b**2 - 9*b + 22. Determine n(w).
112
Let c be 12/3 - (-6 - (7 + 3)). Suppose 0 = 5*x + c, -3*i = -i - x - 16. Let u(f) = f + 1. Determine u(i).
7
Let g(s) = 3*s + 9. Let f(d) = -2*d - 8. Let n(b) = 5*f(b) + 4*g(b). Suppose y + 5*i + 294 = -y, 2*y - 4*i = -312. Let z = y - -147. What is n(z)?
-14
Suppose 2*k = 5*v, -5*v + 4*k - 18 + 8 = 0. Let l(h) = 3*h - h**v - 28*h + 32*h + 8. Determine l(8).
0
Let i(v) be the first derivative of v**2/2 - 10*v + 9769. Suppose -x - 4 = -3*x. Suppose 0 = -0*d - x*d + 14. Calculate i(d).
-3
Let t(o) = o**2 + o + 4. Let u be t(0). Let w be 2/u + 42/(-12). Let z(n) = 3 - 12*n**3 + 61*n - 56*n - 4*n**2 + 11*n**3. Determine z(w).
-21
Let j(d) be the first derivative of 7*d**2/2 + 366*d - 11342. Give j(-51).
9
Suppose 0 = 5*g + 4*b - 0 + 12, 8 = -4*g - 4*b. Let n(u) = 3*u**2 + 6*u + 8. Let p(c) = 3*c**2 + 5*c + 7. Let j(z) = g*n(z) + 5*p(z). What is j(-3)?
27
Let u be 75/(-4) - 60/(-80). Let z(o) = o + 12. Calculate z(u).
-6
Let x(g) = 2*g - 2. Let b(r) be the second derivative of -r**3/2 + 2*r**2 + 72*r. Let l(a) = -5*b(a) - 7*x(a). Give l(8).
2
Suppose 3*s + 107*q - 102*q - 2 = 0, 2*q = 3*s - 37. Let t(z) = -9*z + 20. Let m(i) = -8*i + 20. Let v(c) = 6*m(c) - 5*t(c). Calculate v(s).
-7
Let n(q) = -q**3 + 19*q**2 - 80*q + 31. Suppose 186*z - 2656 + 238 = 0. Determine n(z).
5
Let b = 3 + -2. Let c(n) be the second derivative of -1/3*n**3 + 73*n - 1/12*n**4 - 1 + 1/2*n**2. Calculate c(b).
-2
Let x be (-27 - -18)*(-4)/(-6). Let i be (14/21)/(x/27). Let l(m) = -4*m - 1. What is l(i)?
11
Let p(b) be the second derivative of b**4/12 - 7*b**3/6 - 3*b**2/2 + 6*b - 613. Give p(8).
5
Let f = 12 + -10. Suppose 4*b = -f*p - 342, 6*b - p = 4*b - 181. Let g be 2/(-11) + (-1160)/b. Let u(v) = v**3 - 14*v**2 + 14*v - 17. What is u(g)?
-4
Suppose 3*m - 25 = -c, 0 = -0*c + 2*c - 2*m - 34. Let l(r) = r**2 - 16*r - 25. Give l(c).
32
Let u(x) = -x**2 - 1. Let n(f) = -16*f - 13*f - 3 + 26*f - 3*f**2. Let l(a) = -2*n(a) + 10*u(a). Give l(4).
-44
Let o = 155 - 49. Let g be (372/(-310))/((-7)/(-10) - 1). Suppose o = -g*z + 126. Let u(m) = 2*m**2 - 7*m + 2. Give u(z).
17
Let a = -4398 + 4414. Let f(r) = -r**2 + 21*r - 83. What is f(a)?
-3
Let u(j) be the third derivative of -j**5/60 - 9*j**4/8 - 34*j**3/